{"id":40043,"date":"2023-03-27T13:33:17","date_gmt":"2023-03-27T12:33:17","guid":{"rendered":"http:\/\/utv.europaforum.nu\/?page_id=40043"},"modified":"2023-03-27T13:35:18","modified_gmt":"2023-03-27T12:35:18","slug":"sammanhallningspolitik","status":"publish","type":"page","link":"https:\/\/europaforum.nu\/?page_id=40043","title":{"rendered":"Sammanh\u00e5llningspolitik"},"content":{"rendered":"<p>[et_pb_section fb_built=&#8221;1&#8243; _builder_version=&#8221;4.20.2&#8243; _module_preset=&#8221;default&#8221; global_colors_info=&#8221;{}&#8221;][et_pb_row _builder_version=&#8221;4.20.2&#8243; _module_preset=&#8221;default&#8221; global_colors_info=&#8221;{}&#8221;][et_pb_column type=&#8221;4_4&#8243; _builder_version=&#8221;4.20.2&#8243; _module_preset=&#8221;default&#8221; global_colors_info=&#8221;{}&#8221;][et_pb_icon font_icon=&#8221;&#xf21d;||fa||900&#8243; icon_color=&#8221;#8866a0&#8243; icon_width=&#8221;200px&#8221; _builder_version=&#8221;4.20.2&#8243; _module_preset=&#8221;default&#8221; global_colors_info=&#8221;{}&#8221;][\/et_pb_icon][et_pb_text _builder_version=&#8221;4.20.2&#8243; _module_preset=&#8221;default&#8221; hover_enabled=&#8221;0&#8243; global_colors_info=&#8221;{}&#8221; sticky_enabled=&#8221;0&#8243;]<\/p>\n<h1 style=\"text-align: center;\">Sammanh\u00e5llningspolitik<\/h1>\n<p>&nbsp;<\/p>\n<p>Ett av EU:s allra viktigaste politikomr\u00e5den \u00e4r den gemensamma sammanh\u00e5llningspolitiken \u2013 EU:s regionalpolitik. Dess m\u00e5l \u00e4r \u00f6kad ekonomisk, social och territoriell sammanh\u00e5llning med syfte att minska regionala skillnader och oj\u00e4mlikhet mellan m\u00e4nniskor i EU och samtidigt \u00f6ka EU:s tillv\u00e4xt och konkurrenskraft gentemot resten av v\u00e4rlden.<\/p>\n<p>Den Europeiska sammanh\u00e5llningspolitiken \u00e4r av stor betydelse f\u00f6r norra Sveriges m\u00f6jligheter till regional utveckling och d\u00e4rf\u00f6r \u00e4r det viktigt att dess utformning pr\u00e4glas av flerniv\u00e5styre, dialog och subsidiaritet. F\u00f6r norra Sverige \u00e4r det s\u00e4rskilt angel\u00e4get att beslut fattas som beaktar och tillgodoser de s\u00e4rskilda f\u00f6ruts\u00e4ttningar och m\u00f6jligheter som pr\u00e4glar dess geografi. Det finns angivet i Sveriges anslutningsf\u00f6rdrag och artikel 174 i Lissabonf\u00f6rdraget, att s\u00e4rskild h\u00e4nsyn ska tas till \u201dregioner med allvarliga och permanenta, naturbetingade eller demografiska nackdelar, s\u00e5som de nordligaste regionerna med mycket l\u00e5g befolkningst\u00e4thet\u201d.<\/p>\n<p>De glest befolkade regionerna i Sverige och Finland har en s\u00e4rst\u00e4llning i EU budgeten med en s\u00e4rskild pott pengar som f\u00f6rdelas genom EUs strukturfonder. Det s\u00e4rskilda gleshetsst\u00f6det till norra Sverige \u00e4r, oaktat skrivningarna n\u00e4r Sverige gick med i EU och Lissabonf\u00f6rdraget, en politisk f\u00f6rhandling inf\u00f6r varje ny programperiod f\u00f6r Europaforum att s\u00e4rskilt bevaka och p\u00e5verka.<\/p>\n<p>D\u00e5 EUs sammanh\u00e5llningspolitik \u00e4r avg\u00f6rande f\u00f6r regionalt utvecklingskapital ber\u00f6r dess strategier och finansieringsinstrument samtliga omr\u00e5den som Europaforum p\u00e5verkarinom.<\/p>\n<p>[\/et_pb_text][\/et_pb_column][\/et_pb_row][\/et_pb_section]<\/p>\n","protected":false},"excerpt":{"rendered":"<p>Sammanh\u00e5llningspolitik &nbsp; Ett av EU:s allra viktigaste politikomr\u00e5den \u00e4r den gemensamma sammanh\u00e5llningspolitiken \u2013 EU:s regionalpolitik. Dess m\u00e5l \u00e4r \u00f6kad ekonomisk, social och territoriell sammanh\u00e5llning med syfte att minska regionala skillnader och oj\u00e4mlikhet mellan m\u00e4nniskor i EU och samtidigt \u00f6ka EU:s tillv\u00e4xt och konkurrenskraft gentemot resten av v\u00e4rlden. Den Europeiska sammanh\u00e5llningspolitiken \u00e4r av stor betydelse f\u00f6r norra Sveriges m\u00f6jligheter till regional utveckling och d\u00e4rf\u00f6r \u00e4r det viktigt att dess utformning pr\u00e4glas av flerniv\u00e5styre, dialog och subsidiaritet. F\u00f6r norra Sverige \u00e4r det s\u00e4rskilt angel\u00e4get att beslut fattas som beaktar och tillgodoser de s\u00e4rskilda f\u00f6ruts\u00e4ttningar och m\u00f6jligheter som pr\u00e4glar dess geografi. Det finns angivet i Sveriges anslutningsf\u00f6rdrag och artikel 174 i Lissabonf\u00f6rdraget, att s\u00e4rskild h\u00e4nsyn ska tas till \u201dregioner med allvarliga och permanenta, naturbetingade eller demografiska nackdelar, s\u00e5som de nordligaste regionerna med mycket l\u00e5g befolkningst\u00e4thet\u201d. De glest befolkade regionerna i Sverige och Finland har en s\u00e4rst\u00e4llning i EU budgeten med en s\u00e4rskild pott pengar som f\u00f6rdelas genom EUs strukturfonder. Det s\u00e4rskilda gleshetsst\u00f6det till norra Sverige \u00e4r, oaktat skrivningarna n\u00e4r Sverige gick med i EU och Lissabonf\u00f6rdraget, en politisk f\u00f6rhandling inf\u00f6r varje ny programperiod f\u00f6r Europaforum att s\u00e4rskilt bevaka och p\u00e5verka. D\u00e5 EUs sammanh\u00e5llningspolitik \u00e4r avg\u00f6rande f\u00f6r regionalt utvecklingskapital ber\u00f6r dess strategier och finansieringsinstrument [&hellip;]<\/p>\n","protected":false},"author":1,"featured_media":0,"parent":0,"menu_order":0,"comment_status":"closed","ping_status":"closed","template":"","meta":{"_et_pb_use_builder":"on","_et_pb_old_content":"","_et_gb_content_width":"","footnotes":""},"class_list":["post-40043","page","type-page","status-publish","hentry"],"_links":{"self":[{"href":"https:\/\/europaforum.nu\/index.php?rest_route=\/wp\/v2\/pages\/40043","targetHints":{"allow":["GET"]}}],"collection":[{"href":"https:\/\/europaforum.nu\/index.php?rest_route=\/wp\/v2\/pages"}],"about":[{"href":"https:\/\/europaforum.nu\/index.php?rest_route=\/wp\/v2\/types\/page"}],"author":[{"embeddable":true,"href":"https:\/\/europaforum.nu\/index.php?rest_route=\/wp\/v2\/users\/1"}],"replies":[{"embeddable":true,"href":"https:\/\/europaforum.nu\/index.php?rest_route=%2Fwp%2Fv2%2Fcomments&post=40043"}],"version-history":[{"count":3,"href":"https:\/\/europaforum.nu\/index.php?rest_route=\/wp\/v2\/pages\/40043\/revisions"}],"predecessor-version":[{"id":40046,"href":"https:\/\/europaforum.nu\/index.php?rest_route=\/wp\/v2\/pages\/40043\/revisions\/40046"}],"wp:attachment":[{"href":"https:\/\/europaforum.nu\/index.php?rest_route=%2Fwp%2Fv2%2Fmedia&parent=40043"}],"curies":[{"name":"wp","href":"https:\/\/api.w.org\/{rel}","templated":true}]}}