{"id":40963,"date":"2025-01-24T11:42:34","date_gmt":"2025-01-24T10:42:34","guid":{"rendered":"http:\/\/europaforum.nu\/?page_id=40963"},"modified":"2025-04-01T09:18:42","modified_gmt":"2025-04-01T08:18:42","slug":"program-for-europaforum-2025-2","status":"publish","type":"page","link":"https:\/\/europaforum.nu\/?page_id=40963","title":{"rendered":"Program f\u00f6r Europaforum 2025"},"content":{"rendered":"\n<p><strong>Norra Sverige i f\u00f6r\u00e4ndringens Europa \u2013 med fokus p\u00e5 geopolitik, sammanh\u00e5llning och biobaserad ekonomi.<\/strong><\/p>\n\n\n\n<p>Europa st\u00e5r inf\u00f6r stora f\u00f6r\u00e4ndringar kopplat till det geopolitiska s\u00e4kerhetsl\u00e4get, sammanh\u00e5llningspolitiken och den biobaserade ekonomin. Hur diskuteras de utmaningar men ocks\u00e5 m\u00f6jligheter som det inneb\u00e4r p\u00e5 EU-niv\u00e5? Och hur kan vi knyta an till det i v\u00e5ra utvecklingsprocesser i norra Sverige?<\/p>\n\n\n\n<p>Europaforum \u00e4r norra Sveriges st\u00f6rsta \u00e5rliga konferens f\u00f6r EU-fr\u00e5gor. Lyssna p\u00e5 beslutsfattare fr\u00e5n EU och nationell niv\u00e5 i dialog med regionala och lokala politiker \u2013 och delta sj\u00e4lv i samtal f\u00f6r att dela med dig av dina \u00e5sikter och f\u00e5 nya perspektiv p\u00e5 dessa fr\u00e5gor.<\/p>\n\n\n\n<p>Moderator f\u00f6r Europaforum 2025 \u00e4r Erika Bjerstr\u00f6m, journalist, f\u00f6rfattare och fd klimat-och utrikeskorrespondent p\u00e5 SVT.<\/p>\n\n\n\n<h2 class=\"wp-block-heading\">Se programmet i pdf-format<\/h2>\n\n\n\n<p><a href=\"https:\/\/europaforum.nu\/wp-content\/uploads\/2025\/04\/Program-Europaforum-2025-250401.pdf\" data-type=\"link\" data-id=\"https:\/\/europaforum.nu\/wp-content\/uploads\/2025\/03\/Program-Europaforum-2025-250326.pdf\">Program f\u00f6r Europaforum 2025.<\/a><\/p>\n\n\n\n<p><em><strong>Vissa delar kan komma att uppdateras, fr\u00e4mst att namn p\u00e5 talare kan tillkomma eller \u00e4ndras. <\/strong><\/em><\/p>\n\n\n\n<h2 class=\"wp-block-heading\">Torsdag 3 april<\/h2>\n\n\n\n<figure class=\"wp-block-table is-style-stripes\"><table class=\"has-fixed-layout\"><tbody><tr><td><strong>12.00 Lunch<\/strong><\/td><\/tr><tr><td><strong>13.15-13.25 Invigning av Europaforum 2025<\/strong><br>Jonas Andersson (S), ordf\u00f6rande f\u00f6r Europaforum Norra Sverige och ordf\u00f6rande f\u00f6r regionala utvecklingsn\u00e4mnden i Region J\u00e4mtland H\u00e4rjedalen h\u00e4lsar v\u00e4lkommen tillsammans med Daniel Danielsson (C), EFNS-rapport\u00f6r f\u00f6r Kommunf\u00f6rbundet J\u00e4mtland H\u00e4rjedalen och oppositionsr\u00e5d&nbsp;i \u00c5re kommun.&nbsp;<\/td><\/tr><tr><td><strong>13.25-14.30 Nytt Europaparlament, ny EU-kommission och en ny EU-budget: Vad st\u00e5r p\u00e5 spel f\u00f6r EU i en orolig omv\u00e4rld?<\/strong><br><br>Moderator Erika Bjerstr\u00f6m ger en kort introduktion av \u00e4mnet. <br><br><strong>Keynote: <\/strong><br>G\u00f6ran von Sydow, direkt\u00f6r f\u00f6r Sieps&nbsp;&nbsp;<br>&nbsp;<br><strong>Panelsamtal<\/strong> \u2013 <strong>vad st\u00e5r p\u00e5 spel f\u00f6r EU i en orolig omv\u00e4rld?<\/strong><br>G\u00f6ran von Sydow, direkt\u00f6r f\u00f6r Sieps<br>Annika W\u00e4ppling Korzinek, chef f\u00f6r EU-kommissionen i Sverige<br>Per Johansson, chef f\u00f6r EU-parlamentets kontor i Sverige&nbsp;<br>Lars-Gunnar Nordlander (S), EFNS-rapport\u00f6r f\u00f6r Kommunf\u00f6rbundet J\u00e4mtland H\u00e4rjedalen<br>Ann \u00c5str\u00f6m (S), EFNS-rapport\u00f6r f\u00f6r V\u00e4sterbotten<\/td><\/tr><tr><td><strong>14.30 Fika och mingel<\/strong><\/td><\/tr><tr><td><strong>15.00-15.45: Det geopolitiska l\u00e4get: Det geopolitiska s\u00e4kerhetsl\u00e4get och hur det p\u00e5verkar lokala och regionala utvecklingsfr\u00e5gor i v\u00e5r geografi. <\/strong><br><br><strong>Keynote: Med krig i Europa, NATOs rolle i det nye sikkerhetspolitiske paradigmet?<\/strong><br>Arvid Halvorsen, Deputy Military Representative, NATO HQ in Brussels.<\/td><\/tr><tr><td><strong>16.00-17.00 Tematiska seminarier<\/strong><br><br>V\u00e4lj att delta i ett av dessa tre seminarier:<br><br><strong>1. <span style=\"font-family: inherit; font-size: inherit; font-weight: inherit; background-color: initial;\">Infrastruktur och samh\u00e4llsbyggande: <\/span><br><span style=\"font-family: inherit; font-size: inherit; font-weight: inherit; background-color: initial;\"><em>Konkurrenskraft och mobilitet \u2013 ett nordiskt transportsystem anpassat f\u00f6r morgondagens EU.&nbsp;<\/em><\/span><\/strong><br><br>Medverkande: <br>Arvid Halvorsen, Deputy Military Representative, NATO HQ in Brussels.<br>Anna Halvarsson, verksamhetschef, Fellesr\u00e5det f\u00f6r Tr\u00f8ndelag och J\u00e4mtland H\u00e4rjedalen. <br>Lisa Lundgren, generalsekreterare, Nordkalottr\u00e5det. <br><br>Lokal: Loftet.<br><br><strong><span style=\"font-family: inherit; font-size: inherit; font-weight: inherit; background-color: initial;\"><span style=\"font-family: inherit; font-size: inherit; font-weight: inherit; background-color: initial;\">2. Sammanh\u00e5llningspolitik: <\/span><\/span><br><span style=\"font-family: inherit; font-size: inherit; font-weight: inherit; background-color: initial;\"><span style=\"font-family: inherit; font-size: inherit; font-weight: inherit; background-color: initial;\"><em>Hur kan vi f\u00f6rverkliga OECD:s rekommendationer genom en f\u00f6r\u00e4ndrad sammanh\u00e5llningspolitik?&nbsp;<\/em><\/span><\/span><\/strong><br><br>Medverkande: <br>Mikael Jansson, direkt\u00f6r f\u00f6r North Sweden European Office.<br>Max Englund, senior adviser in European affairs p\u00e5 North Sweden European Office.<br>Rickard Carstedt (S), EFNS-rapport\u00f6r f\u00f6r V\u00e4sterbotten<br>Simon H\u00f6gberg (M), oppositionsr\u00e5d i Str\u00f6msunds kommun. <br>Annika W\u00e4ppling Korzinek, chef f\u00f6r EU-kommissionen i Sverige<br>Per Johansson, chef f\u00f6r EU-parlamentets kontor i Sverige<br>Malin Ylinenp\u00e4\u00e4, programansvarig EU:s regionala utvecklingsfond, Tillv\u00e4xtverket<br><br>Lokal: Bl\u00e5hammarsalen.<br><strong><br>3. Forskning, innovation och n\u00e4ringsliv: <br><em>Fr\u00e5n Green Deal till Clean Industrial Deal. Hur EU:s satsningar p\u00e5 konkurrenskraft formar framtiden f\u00f6r Norra Sverige \u2013 diskussioner och inspel i EFNS positionsarbete.&nbsp;<\/em><\/strong><br><br>Medverkande: <br>Petra \u00d6rjegren, f\u00f6rsta vice ordf\u00f6rande i F\u00f6retagarnas riksstyrelse och ordf\u00f6rande f\u00f6r F\u00f6retagarna \u00d6stersund.<br>Olle Schubert, Funding partner, New Republic Public Affairs.<br><br>Lokal: Ekrummet. <br><br>&nbsp;<strong>Information om lokaler f\u00f6r seminarierna kommer l\u00e4ngre fram.&nbsp;<\/strong><\/td><\/tr><tr><td><strong>18.30 Mingel<\/strong><br>Men musikunderh\u00e5llning redan fr\u00e5n 18.00.&nbsp;<\/td><\/tr><tr><td><strong>19.00 Middag<\/strong><br><br>B\u00e5de minglet och middagen h\u00e5lls p\u00e5 Storliens h\u00f6gfj\u00e4llshotell.&nbsp;<\/td><\/tr><\/tbody><\/table><\/figure>\n\n\n\n<h2 class=\"wp-block-heading\">Fredag 4 april<\/h2>\n\n\n\n<p><em>OBS! Klockslagen har justerats. I en tidigare utg\u00e5va av programmet skulle dagen starta 08.30, men hela schemat har nu tidigarelagts. <\/em><\/p>\n\n\n\n<figure class=\"wp-block-table is-style-stripes\"><table><tbody><tr><td><strong>08.00 \u00c5terkoppling fr\u00e5n g\u00e5rdagen&nbsp;&nbsp;<\/strong><br>Jonas Andersson (S), ordf\u00f6rande f\u00f6r EFNS. &nbsp;<br>Lars-Gunnar Nordlander (S), EFNS-rapport\u00f6r f\u00f6r Kommunf\u00f6rbundet J\u00e4mtland H\u00e4rjedalen&nbsp;&nbsp;<br>Johan Loock (M), EFNS-rapport\u00f6r f\u00f6r&nbsp;&nbsp;J\u00e4mtland H\u00e4rjedalen<\/td><\/tr><tr><td><strong>08.10-09.30  Sammanh\u00e5llningspolitiken: Hur kopplar utvecklingen av EU och dess kommande politiska inriktning till v\u00e5r geografis utmaningar och m\u00f6jligheter?&nbsp;&nbsp;<\/strong><br><br><strong>Inledning:<\/strong> &nbsp;Mikael Janson, direkt\u00f6r, North Sweden European Office.&nbsp;<br><br><strong>Nul\u00e4ge kring kommande l\u00e5ngtidsbudget:<\/strong> Annika W\u00e4ppling Korzinek, chef f\u00f6r EU-kommissionen i Sverige.<br><br><strong>Keynote: Support sustainable and green development in the NSPA<\/strong><br>Stefano Barbieri, Senior Policy Advisor, OECD.&nbsp;&nbsp;<br><br><strong>Panelsamtal utifr\u00e5n OECD-rapportens resultat (p\u00e5 engelska):<br><\/strong>Stefano Barbieri, Senior Policy Advisor, OECD&nbsp;<br>Mikael Janson, direkt\u00f6r, North Sweden European Office&nbsp;<br>Maria Kumpula, regional utvecklingsstrateg, Region J\u00e4mtland H\u00e4rjedalen<br><br><strong>Panelsamtal: Nu g\u00e4ller det \u2013 vilka strategier ser vi f\u00f6r att  engagera EU i norra Sveriges utveckling?<\/strong>&nbsp;<br>Rickard Carstedt (S), EFNS-rapport\u00f6r f\u00f6r V\u00e4sterbotten<br>Isak Utsi (S), EFNS-rapport\u00f6r f\u00f6r Norrbotten<strong>&nbsp;&nbsp;&nbsp;<\/strong><br>Anders \u00d6berg (S), EFNS-rapport\u00f6r f\u00f6r Norrbotten<strong>&nbsp;&nbsp;&nbsp;<\/strong><br><strong>&nbsp;&nbsp;&nbsp;&nbsp;&nbsp;<\/strong>&nbsp;<\/td><\/tr><tr><td><strong>09.30 Fika och mingel&nbsp;&nbsp;<\/strong><\/td><\/tr><tr><td><strong>10.00-11.20  Den biobaserade ekonomin <\/strong><br><br><strong>Keynote:<\/strong>&nbsp;&nbsp;Jonas Sj\u00f6stedt (V), EU-parlamentariker och Magnus Nilsson, klimatpolitisk analytiker.&nbsp;<span class=\"NormalTextRun SCXW91733741 BCX8\" data-ccp-parastyle=\"Br\u00f6dtext - RJH\" style=\"-webkit-user-drag: none; -webkit-tap-highlight-color: transparent; margin: 0px; padding: 0px; user-select: text;\"><\/span>&nbsp;<br><br><strong>Hur kan f\u00f6retagen \u2013 och samh\u00e4llet i stort \u2013 utnyttja ny EU-lagstiftning p\u00e5 klimat- och milj\u00f6omr\u00e5det f\u00f6r att skapa konkurrenskraft och resiliens? <\/strong><br>Magnus Nilsson, klimatpolitisk analytiker.<br><br><strong>Hur p\u00e5verkar klimatlagstiftning Fit for 55 konkurrenskraften i norra Sverige? Och vad kan vi f\u00f6rv\u00e4nta oss fram\u00e5t av EU inom omr\u00e5det? <\/strong><br>Fredrik Gisselman, n\u00e4ringslivsstrateg p\u00e5 Region V\u00e4sternorrland.<br><br><strong>Industriell symbios som motor f\u00f6r f\u00f6retagsetableringar och st\u00e4rkt konkurrenskraft i \u00c5nge kommun drivet av EU:s utsl\u00e4ppshandel<\/strong><br>Erik L\u00f6vgren (S), kommunalr\u00e5d i \u00c5nge kommun samt EFNS-rapport\u00f6r f\u00f6r V\u00e4sternorrland.<br> <br><strong>Tr\u00f8ndelags strategi och satsningar p\u00e5 industriell symbios skapar konkurrenskraft och resiliens i norsk industri.<\/strong><br>Lillian Strand, Tr\u00f8ndelag fylkeskommune<br><br><strong>Nyordning i EU \u2013 hur vill det nya Parlamentet koppla samman n\u00e4ringslivspolitiken med Parisavtalet f\u00f6r att st\u00e4rka EU:s konkurrenskraft?<\/strong><br>Jonas Sj\u00f6stedt (V), EU-parlamentariker <br><br><strong>Sammanfattning och dialog med fokus p\u00e5 EUs nya industri och n\u00e4ringslivspolitik kopplat till den gr\u00f6na omst\u00e4llningen och regional utveckling i norra Sverige<\/strong><br>Moderator Erika Bjerstr\u00f6m i samtal med Anders \u00d6berg (S), EFNS-rapport\u00f6r f\u00f6r Norrbotten.<\/td><\/tr><tr><td><strong>&nbsp;11.20-11.30 Summering och avslutning <\/strong>&nbsp;<br>Vad tar vi med oss fram\u00e5t?&nbsp;<br><br>Jonas Andersson (S), ordf\u00f6rande f\u00f6r EFNS &nbsp;<br>Rickard Carstedt (S), EFNS-rapport\u00f6r f\u00f6r V\u00e4sterbotten&nbsp;<br>Anders \u00d6berg (S), EFNS-rapport\u00f6r f\u00f6r Norrbotten&nbsp;<br>Erik L\u00f6vgren (S), EFNS-rapport\u00f6r f\u00f6r V\u00e4sternorrland<\/td><\/tr><tr><td><strong>11.30  Lunch<\/strong><\/td><\/tr><tr><td><strong>12.15 Transferbuss avg\u00e5r fr\u00e5n Storlien \u2013 f\u00f6r de som har bokat det.<\/strong><\/td><\/tr><tr><td><\/td><\/tr><\/tbody><\/table><figcaption class=\"wp-element-caption\"><em><strong>Vissa delar kan komma att uppdateras, fr\u00e4mst att namn p\u00e5 talare kan tillkomma eller \u00e4ndras. <\/strong><\/em><\/figcaption><\/figure>\n","protected":false},"excerpt":{"rendered":"<p>Norra Sverige i f\u00f6r\u00e4ndringens Europa \u2013 med fokus p\u00e5 geopolitik, sammanh\u00e5llning och biobaserad ekonomi. Europa st\u00e5r inf\u00f6r stora f\u00f6r\u00e4ndringar kopplat till det geopolitiska s\u00e4kerhetsl\u00e4get, sammanh\u00e5llningspolitiken och den biobaserade ekonomin. Hur [&hellip;]<\/p>\n","protected":false},"author":7,"featured_media":0,"parent":0,"menu_order":0,"comment_status":"closed","ping_status":"closed","template":"","meta":{"_et_pb_use_builder":"off","_et_pb_old_content":"","_et_gb_content_width":"","footnotes":""},"class_list":["post-40963","page","type-page","status-publish","hentry"],"_links":{"self":[{"href":"https:\/\/europaforum.nu\/index.php?rest_route=\/wp\/v2\/pages\/40963","targetHints":{"allow":["GET"]}}],"collection":[{"href":"https:\/\/europaforum.nu\/index.php?rest_route=\/wp\/v2\/pages"}],"about":[{"href":"https:\/\/europaforum.nu\/index.php?rest_route=\/wp\/v2\/types\/page"}],"author":[{"embeddable":true,"href":"https:\/\/europaforum.nu\/index.php?rest_route=\/wp\/v2\/users\/7"}],"replies":[{"embeddable":true,"href":"https:\/\/europaforum.nu\/index.php?rest_route=%2Fwp%2Fv2%2Fcomments&post=40963"}],"version-history":[{"count":65,"href":"https:\/\/europaforum.nu\/index.php?rest_route=\/wp\/v2\/pages\/40963\/revisions"}],"predecessor-version":[{"id":41177,"href":"https:\/\/europaforum.nu\/index.php?rest_route=\/wp\/v2\/pages\/40963\/revisions\/41177"}],"wp:attachment":[{"href":"https:\/\/europaforum.nu\/index.php?rest_route=%2Fwp%2Fv2%2Fmedia&parent=40963"}],"curies":[{"name":"wp","href":"https:\/\/api.w.org\/{rel}","templated":true}]}}